 -45 = 4*w + 5*u, u + d = -3*w - 0. Let t(b) = b**3 + 6*b**2 + 7*b + 7. Give t(w).
-3
Let g(s) = -s**2 - 6*s + 5. Let z be g(-4). Let a(b) = 7*b**2 - 1 - 3*b - z*b**2 + 5*b**2. Suppose 0 = 5*q + 1 + 9. Calculate a(q).
1
Let d(l) = -11*l - 46. Let t(z) = z + 7. Let s(b) = d(b) + 6*t(b). Let i = -40 + 38. What is s(i)?
6
Let a(c) = c**3 + 15*c**2 - 19*c - 44. Let q be (-65)/4 + 1*15*9/540. Determine a(q).
4
Suppose -5*r + 16 = -r. Let t(b) = b - 8. Let g(u) = -1. Suppose -8*h + 18*h = -10. Let c(d) = h*t(d) + r*g(d). Determine c(-4).
8
Let k(v) = 4*v**2 - 3*v**2 - 7 + 14 - 7*v. Suppose -49*l + 45*l + 64 = 0. Let j be ((-5)/(-2))/(8/l). What is k(j)?
-3
Let w(c) = c**3 + 6*c**2 + 6*c - 7. Let d(t) = t**2 - 4*t + 3. Let x be d(2). Let g be (-3 - 0)*700/21. Let h be (-11 - x) + g/(-20). Determine w(h).
-12
Suppose 25*f - 5*f - 52*f = 0. Let r(m) = -m**2 - m - 69. Give r(f).
-69
Let i(d) = -4*d - 2*d + 2*d - d**3 - 2*d**2 - 2 - 3. Let j(r) = 5*r**3 + 9*r**2 + 21*r + 26. Let g(b) = -11*i(b) - 2*j(b). Calculate g(-4).
-5
Let b(z) = -3*z**2 - 517*z - 86. Let t(o) = 2*o**2 + 321*o + 57. Let h(j) = -5*b(j) - 8*t(j). What is h(15)?
4
Let l = 25 + -17. Let w(z) = -l + z + z - 3*z. Determine w(-7).
-1
Let g(h) = -h**3 - 4*h**2 - h + 4. Let x be (62/3)/((-2)/(-18)*6). Suppose -p + 36 - x = 0. Let i(d) = 2*d**2 - 11*d + 1. Let j be i(p). Calculate g(j).
8
Let r(u) = 191568 + u**3 + 57*u**2 - 51*u**2 - 191569. What is r(-6)?
-1
Let f(l) = 21*l**2 - 314*l - 892. Let s(a) = 4*a**2 - 63*a - 178. Let v(y) = 2*f(y) - 11*s(y). What is v(35)?
-1
Let c(l) = 8*l - 25. Suppose -158*g + 22 = 2*a - 156*g, -73 = -3*a + 5*g. Give c(a).
103
Let j(a) = -156*a**3 + 47*a**2 - 35*a - 241. Let w(t) = -55*t**3 + 16*t**2 - 12*t - 80. Let b(m) = -6*j(m) + 17*w(m). Determine b(8).
6
Let h(y) = -5*y**3 - 19*y**2 - 7*y + 17. Let j(s) = 26*s**3 + 97*s**2 + 31*s - 86. Let a(i) = 21*h(i) + 4*j(i). Give a(-8).
5
Let q be (441/28 + -9)*16/12. Let p(d) = -2*d + 19. Let v(w) = 2*w - 18. Let j(y) = 6*p(y) + 7*v(y). Calculate j(q).
6
Let i(j) be the second derivative of j**5/20 + 11*j**4/12 + 2*j**3 + j**2 + 820*j. Give i(-10).
-18
Let o(r) be the third derivative of 0*r + 7/60*r**5 - 43*r**2 + 1/120*r**6 + 0 + 0*r**4 - 1/6*r**3. Determine o(-7).
-1
Let t be (-6)/(-84)*-2 - (11 + 256/(-28)). Let z(x) = 2*x**3 + 5*x**2 + 2*x + 2. Calculate z(t).
2
Let c(j) be the second derivative of -9/2*j**2 + 2*j + 0 - 1/6*j**3. Suppose 5*a - 2*h + 44 = 0, -4*h - 66 = 4*a - 42. What is c(a)?
-1
Let w(q) = -q**2 - q + 50. Let n be w(0). Let r be (n/(-125))/(2/(-180)). Let x = r - 45. Let c(o) = o + 2. Give c(x).
-7
Let v(l) be the third derivative of -l**5/120 - l**4/12 - 25*l**3/3 + 30*l**2. Let r(g) be the first derivative of v(g). Give r(-7).
5
Let b(u) = -u + 1. Let x be b(-5). Let l(g) = -563*g + 0 + 0 - 542*g + 1106*g. Determine l(x).
6
Suppose -7*r = -2*r - 20. Let y be -2 - (-5 - 0*2/8). Suppose -20 = y*w + r. Let v(f) = f**2 + 10*f + 10. What is v(w)?
-6
Let m(p) = -p + 8. Let r(n) = -12*n + 31. Let g(y) = 3*m(y) - r(y). Determine g(4).
29
Let s(y) = -2*y + 0*y**3 - y**2 - y**3 + 3*y. Let k(q) = q**2 + q + 1. Let l(n) = 2*n**2 - 8*n - 22. Let i(a) = 3*k(a) - l(a). Let h be i(-3). Determine s(h).
-1
Let v be (45/54)/(4/(-24)). Let c(q) = -q - 1 + 2*q + 2*q + 0. Determine c(v).
-16
Let s(r) be the first derivative of 2*r + 79 - 5/2*r**2 + r**3. Determine s(4).
30
Suppose -16*u = -134 - 26. Suppose 5*c - u = -2*n, 5*n - 5*c - 25 + 0 = 0. Let p(l) = -l**3 + 4*l**2 + 4*l - 5. Calculate p(n).
-10
Let u be 4*3/(-12) + 84/7. Let z(b) = b**2 - 11*b + 12. Give z(u).
12
Suppose -x = -11 + 8. Let v(b) = 4 + b**x + 157*b**2 - 307*b**2 + 155*b**2. Determine v(-5).
4
Let d(z) = z**2 - 5*z - 12. Suppose 195*c = -5*w + 192*c + 46, w = 3*c + 2. Calculate d(w).
12
Suppose -166*l + 67 = 385 + 346. Let r(o) = -18*o - 65. Determine r(l).
7
Let v(n) = 5*n**2 + 4 - 2 - 6*n**2 + 2*n. Suppose 2*f + 3*w - 14 = 0, 0 = f + 3*f + w - 18. Suppose -f*g + 8 = -2*g. What is v(g)?
-6
Let f(j) = j**3 + 3*j**2 + 2*j - 6. Let w(k) = -k**3 + 25*k**2 + k - 29. Let r be w(25). What is f(r)?
-30
Suppose 2*d + 7 = 3*l - 0*l, 4*d - l - 11 = 0. Let w(q) = -6 + 3*q + 1 - d*q + 2. Let v = 1 - 1. What is w(v)?
-3
Let t(d) = d + 10. Let q(x) be the first derivative of 2*x**2 - 4 - 22*x + 1/3*x**3. Let i be q(-6). What is t(i)?
0
Let u(k) = -113*k - 3699. Let f(x) = 37*x + 1223. Let z(c) = 11*f(c) + 4*u(c). Calculate z(-30).
7
Let l(j) = -j**3 - 4*j**2 + 7*j + 2. Let o(u) = -2*u - 3 - 4*u + u**2 + 3*u. Let p = -177 - -179. Let r be o(p). Calculate l(r).
-8
Let x(k) = 2*k**3 + 6*k**2 - 12. Let p = -5389 - -5386. Determine x(p).
-12
Suppose -q + 5*z + 8 = -10, 6 = -q - 3*z. Let m(l) = -49*l**3 + 2*l**2 - q + 59*l**3 + 4 - 4*l + 6*l. Let v(t) = -t**2 - 2*t + 2. Let y be v(-3). What is m(y)?
-9
Let z(m) = m**2 - 5 + 5 + 3*m. Let q = 34537 + -34542. Give z(q).
10
Let t(l) = -l + 2. Suppose 175 = 5*y + 2*q, 5*y = y - 5*q + 157. Suppose 0 = 5*k + 4*n - y, -3*k - 2*n = -7*n - 5. Calculate t(k).
-3
Let y(o) = 24*o + 3. Let c(p) = -5*p - 1. Let i(m) = 5*c(m) + y(m). Suppose -3*u + 28 = -4*l, 5*u - 68 = 3*l - 7*l. Give i(u).
-14
Let m(k) = -k**3 + 7*k**2 - 6*k + 3. Let d be m(6). Let c(t) be the third derivative of 0 - 1/12*t**4 + 171*t**2 + 0*t + 1/3*t**3 + 1/60*t**5. What is c(d)?
5
Let m(o) = o**2 - 8*o + 2. Let b = -9389 + 9396. Determine m(b).
-5
Suppose -29*p + 416 - 129 = 12*p. Let i be 1/(1 - 4/5). Suppose 3 = i*d - p, 0 = 2*y + 4*d - 12. Let v(k) = -9*k. Determine v(y).
-18
Let h(i) = -i**2 - 8*i + 5. Let l be h(-6). Let y = 6258 + -6210. Let x(s) = -y*s + 18*s + 2 + 15*s + l*s. Calculate x(6).
14
Let w(q) = -5*q**3 + 11*q**2 - 6*q + 7. Let o(m) = -9*m**3 + 21*m**2 - 12*m + 14. Let a = 81 + -85. Let f(c) = a*o(c) + 7*w(c). Calculate f(6).
-7
Let c(h) = 4*h + 137. Suppose 41*o - 2*u = 45*o + 144, o + 3*u = -46. Calculate c(o).
1
Let f(x) = -x**2 - 32*x - 62. Suppose 4 = -5*a + 6*h, 84*a = 83*a - 4*h - 6. What is f(a)?
-2
Let l = 53 - 51. Let z(k) = -k - k**2 + 3 + 2*k - l*k**3 - 3 - 7 + 3*k**3. What is z(0)?
-7
Suppose c = 2*q + 6, 11 = -0*c + 3*c + q. Suppose -4*z + 16 = 5*r, 4*r - c*z + 9 + 7 = 0. Let i(h) = -h**3 + h**2 - h - 6. Calculate i(r).
-6
Let k(s) = -15*s + 51*s - 17*s - 12*s + 3. Determine k(-8).
-53
Let v(p) = -p**3 - 12*p**2 - 12*p + 8. Suppose -3*t - 131 = -98. Calculate v(t).
19
Let z(c) be the first derivative of -45 - 3/2*c**2 - 3*c. Determine z(7).
-24
Let f(h) = 6*h**2 - 60*h + 9. Let g(t) = 2*t**2 - t + 13. Let r(p) = -f(p) + 2*g(p). Give r(30).
-43
Let p(g) = 2*g**2 + 4*g - 1. Let t be (-4)/(-18) + (116/(-36) - -3). Suppose t = c + 25 - 20. Give p(c).
29
Let f(x) = 10*x + 4. Let g = 267 + -261. Suppose 0 = s - 9 + g. What is f(s)?
34
Let l(a) = 4*a - 12. Suppose 0 = -2*r - 2*b + b + 11, 5*r + 5*b - 30 = 0. Determine l(r).
8
Suppose 15*i + 789 = -23*i + 447. Let m(w) = -w**3 - 10*w**2 - 11*w - 5. Give m(i).
13
Let q(d) be the first derivative of -2*d**3/3 + 5*d**2/2 - 6*d - 665. Calculate q(3).
-9
Let u be -4 + 228/(-36) + 1/3. Let n(a) be the third derivative of -a**6/120 - 3*a**5/20 + 5*a**4/12 + 2*a**3/3 + a**2 - 15. What is n(u)?
4
Let j(b) = -91*b + 1455. Let c be j(16). Let d(o) = 17*o**3 - 2*o**2 - 4*o - 2. What is d(c)?
-17
Suppose -7*k + 4*k + 30 = 0. Suppose -2*r - 3*q = -k, 2*q = 2 + 2. Let v(l) = 416*l + 3*l**2 - 415*l - 2 + 0*l**r. Determine v(2).
12
Let t(q) = -q**2 - 9*q - 29. Let d(w) = 25*w + 670. Let s be d(-27). Calculate t(s).
-9
Let j(o) = -3*o**2 + 7*o - 4. Let a(r) = 2*r**2 - 6*r + 3. Suppose 2*z + 5 = -3. Let m(w) = z*a(w) - 3*j(w). Suppose -34*k = 15373 - 15237. Give m(k).
4
Let o(i) = i**3 - 13*i**2 - 4*i + 12. Let n = -2554 + 2567. What is o(n)?
-40
Let t = -282 - -284. Suppose -3*x + 2 = n + n, t*x = -3*n - 2. Let w(c) = 5*c + 7. Determine w(n).
-3
Suppose -h + 11 = 4*h - w, -2*w = 5*h - 23. Let c(v) = h - 13*v + 9*v - 3*v. Determine c(2).
-11
Let x(d) = 14 + 108*d - 211*d + 100*d. Determine x(6).
-4
Let w(a) be the second derivative of a**5/10 + 43*a**4/12 - 25*a**3/6 - 21*a**2/2 - 4*a - 172. What is w(-22)?
45
Suppose 5*x + 2*b + 16 = 0, -89*b + 10 = -3*x - 90*b. Let n(g) be the second derivative of -1/3*g**3 + 0 - g + 0*g**2. Calculate n(x).
8
Let h(d) = 79*d + 24 + 85*d + 87*d - 254*d. Determine